What are the prime factors of 10241278?
2, 491, 10429
List the prime factors of 220725.
3, 5, 109
List the prime factors of 1929086.
2, 83, 11621
What are the prime factors of 791?
7, 113
List the prime factors of 3651987.
3, 1217329
List the prime factors of 7183490.
2, 5, 718349
List the prime factors of 16209306.
2, 3, 59, 15263
What are the prime factors of 511288?
2, 79, 809
What are the prime factors of 298292?
2, 74573
What are the prime factors of 11617335?
3, 5, 53, 4871
What are the prime factors of 4828?
2, 17, 71
List the prime factors of 7713504.
2, 3, 26783
What are the prime factors of 4748052?
2, 3, 395671
What are the prime factors of 684508?
2, 11, 47, 331
What are the prime factors of 628603?
73, 79, 109
List the prime factors of 380241.
3, 14083
List the prime factors of 1800606.
2, 3, 17, 127, 139
What are the prime factors of 39718?
2, 7, 2837
List the prime factors of 10653040.
2, 5, 37, 59, 61
List the prime factors of 1707430.
2, 5, 113, 1511
What are the prime factors of 14546?
2, 7, 1039
List the prime factors of 488477.
11, 367
What are the prime factors of 471843?
3, 103, 509
List the prime factors of 40923.
3, 4547
List the prime factors of 7244649.
3, 107, 7523
What are the prime factors of 1079825?
5, 47, 919
List the prime factors of 1896907.
71, 26717
What are the prime factors of 15315843?
3, 19, 47, 5717
What are the prime factors of 513154?
2, 256577
What are the prime factors of 3846194?
2, 11, 79, 2213
What are the prime factors of 14349451?
37, 547, 709
What are the prime factors of 23411139?
3, 941, 8293
List the prime factors of 17790635.
5, 83, 163, 263
What are the prime factors of 1505046?
2, 3, 250841
What are the prime factors of 2256895?
5, 67, 6737
What are the prime factors of 7016142?
2, 3, 7, 167051
List the prime factors of 17824269.
3, 37, 160579
What are the prime factors of 240537?
3, 11, 37, 197
What are the prime factors of 164867?
113, 1459
What are the prime factors of 1374690?
2, 3, 5, 45823
What are the prime factors of 3672472?
2, 19, 37, 653
List the prime factors of 11203194.
2, 3, 1303, 1433
List the prime factors of 6089825.
5, 7, 17, 23, 89
What are the prime factors of 180625?
5, 17
List the prime factors of 7122834.
2, 3, 19, 59, 353
What are the prime factors of 176318?
2, 23, 3833
What are the prime factors of 1658922?
2, 3, 276487
List the prime factors of 64786.
2, 29, 1117
What are the prime factors of 8933200?
2, 5, 23, 971
List the prime factors of 1800841.
7, 257263
What are the prime factors of 31950716?
2, 7, 1141097
List the prime factors of 636830.
2, 5, 43, 1481
What are the prime factors of 585212?
2, 23, 6361
What are the prime factors of 107116?
2, 61, 439
What are the prime factors of 593088?
2, 3, 3089
What are the prime factors of 281662?
2, 140831
List the prime factors of 13428678.
2, 3, 2238113
List the prime factors of 3102850.
2, 5, 62057
What are the prime factors of 105999?
3, 89, 397
What are the prime factors of 21508?
2, 19, 283
What are the prime factors of 166028?
2, 41507
What are the prime factors of 1801171?
41, 197, 223
What are the prime factors of 221197?
221197
List the prime factors of 700016.
2, 67, 653
What are the prime factors of 17687374?
2, 59, 149893
What are the prime factors of 5996918?
2, 47, 131, 487
What are the prime factors of 22490764?
2, 5622691
What are the prime factors of 77615?
5, 19, 43
What are the prime factors of 2015975?
5, 13, 6203
List the prime factors of 1992710.
2, 5, 89, 2239
What are the prime factors of 17592311?
11, 145391
What are the prime factors of 217697?
217697
List the prime factors of 3884539.
23, 168893
What are the prime factors of 2121748?
2, 499, 1063
What are the prime factors of 12026126?
2, 7, 19, 29, 1559
List the prime factors of 1258652.
2, 23, 13681
List the prime factors of 371058.
2, 3, 61843
List the prime factors of 2518516.
2, 7, 11, 13, 17, 37
List the prime factors of 994083.
3, 23, 14407
List the prime factors of 3549660.
2, 3, 5, 67, 883
What are the prime factors of 6091231?
599, 10169
List the prime factors of 3338866.
2, 1669433
What are the prime factors of 11606765?
5, 2321353
What are the prime factors of 163484?
2, 23, 1777
List the prime factors of 341954.
2, 37, 4621
What are the prime factors of 29683?
29683
List the prime factors of 448159.
448159
List the prime factors of 521014.
2, 13, 29, 691
What are the prime factors of 32320975?
5, 71, 131, 139
List the prime factors of 432343.
432343
List the prime factors of 350301.
3, 7, 2383
What are the prime factors of 18070921?
11, 1642811
What are the prime factors of 22925751?
3, 43, 4133
What are the prime factors of 1576722?
2, 3, 7, 31, 173
What are the prime factors of 768828?
2, 3, 79, 811
List the prime factors of 287272.
2, 149, 241
List the prime factors of 223092.
2, 3, 6197
What are the prime factors of 171849?
3, 57283
What are the prime factors of 279325?
5, 11173
List the prime factors of 8577491.
13, 113, 5839
What are the prime factors of 251985?
3, 5, 107, 157
List the prime factors of 111963.
3, 37321
What are the prime factors of 635778?
2, 3, 11, 13, 19
What are the prime factors of 120197?
7, 11, 223
What are the prime factors of 554238?
2, 3, 41, 751
What are the prime factors of 7698601?
29, 71, 3739
What are the prime factors of 149824?
2, 2341
What are the prime factors of 6352607?
6352607
What are the prime factors of 372245?
5, 74449
What are the prime factors of 86241?
3, 17, 19, 89
List the prime factors of 332481.
3, 19, 307
List the prime factors of 995282.
2, 17, 73, 401
What are the prime factors of 1044613?
1044613
What are the prime factors of 7015476?
2, 3, 13, 44971
What are the prime factors of 5830972?
2, 7, 29, 43, 167
List the prime factors of 5889020.
2, 5, 277, 1063
List the prime factors of 26177.
26177
What are the prime factors of 264821?
137, 1933
What are the prime factors of 7945287?
3, 7, 19, 19913
What are the prime factors of 1054126?
2, 527063
List the prime factors of 459840.
2, 3, 5, 479
List the prime factors of 353622.
2, 3, 58937
List the prime factors of 215742.
2, 3, 41, 877
What are the prime factors of 1378930?
2, 5, 7, 19699
List the prime factors of 466438.
2, 7, 33317
List the prime factors of 231264.
2, 3, 11, 73
What are the prime factors of 11579111?
11579111
List the prime factors of 74747.
74747
List the prime factors of 97926.
2, 3, 19, 859
What are the prime factors of 1180125?
3, 5, 1049
List the prime factors of 649353.
3, 216451
What are the prime factors of 275046?
2, 3, 45841
What are the prime factors of 285351?
3, 11, 8647
What are the prime factors of 8493958?
2, 11, 35099
List the prime factors of 12591541.
389, 32369
What are the prime factors of 320377?
320377
List the prime factors of 1308563.
1308563
List the prime factors of 39842.
2, 11, 1811
List the prime factors of 1172693.
1069, 1097
List the prime factors of 26498.
2, 13249
What are the prime factors of 53127?
3, 5903
What are the prime factors of 1751786?
2, 875893
What are the prime factors of 2091471?
3, 697157
List the prime factors of 155001.
3, 7, 11, 61
What are the prime factors of 582965?
5, 116593
List the prime factors of 1560585.
3, 5, 13, 53, 151
What are the prime factors of 553537?
17, 32561
What are the prime factors of 55979?
7, 11, 727
What are the prime factors of 784074?
2, 3, 17, 7687
List the prime factors of 3404106.
2, 3, 21013
What are the prime factors of 215121?
3, 71707
List the prime factors of 6839645.
5, 1367929
What are the prime factors of 3386216?
2, 423277
List the prime factors of 2773880.
2, 5, 31, 2237
List the prime factors of 12817.
7, 1831
List the prime factors of 4069096.
2, 508637
List the prime factors of 500621.
11, 71, 641
List the prime factors of 6314254.
2, 3157127
What are the prime factors of 508196?
2, 13, 29, 337
List the prime factors of 51828.
2, 3, 7, 617
What are the prime factors of 1103?
1103
List the prime factors of 230241.
3, 11, 6977
What are the prime factors of 91295?
5, 19, 31
List the prime factors of 148506.
2, 3, 53, 467
List the prime factors of 3539049.
3, 937, 1259
List the prime factors of 2524391.
571, 4421
List the prime factors of 4856754.
2, 3, 7, 115637
What are the prime factors of 2448677?
7, 